{"id":49,"date":"2020-11-25T14:06:58","date_gmt":"2020-11-25T20:06:58","guid":{"rendered":"https:\/\/gueder.com.mx\/?page_id=49"},"modified":"2020-11-25T14:06:58","modified_gmt":"2020-11-25T20:06:58","slug":"politica-de-privacidad","status":"publish","type":"page","link":"https:\/\/gueder.com.mx\/index.php\/politica-de-privacidad\/","title":{"rendered":"Pol\u00edtica de privacidad"},"content":{"rendered":"\n<h2 class=\"wp-block-heading\">Qui\u00e9nes somos<\/h2>\n\n\n\n<p>En\u00a0Gueder\u00a0entendemos lo importante de su privacidad. Siendo consecuentes con esta consideraci\u00f3n tenemos el compromiso de respetar y proteger la confidencialidad de su informaci\u00f3n privada y datos personales.<\/p>\n\n\n\n<p>Gueder regula el tratamiento de sus datos mediante un equipo internacional, en representaci\u00f3n de todas las regiones geogr\u00e1ficas en las que tenemos tratos comerciales y procesos de negocio. Es de nuestro especial inter\u00e9s cumplir con las normativas nacionales de cada pa\u00eds donde tenemos presencia, por lo que puede tener la certeza de que su privacidad ser\u00e1 nuestra prioridad.<\/p>\n\n\n\n<p>Comercializadora Gueder S.A. de C.V. (<strong>Gueder<\/strong>), con domicilio en Calle 10 # 327, Col. Centro, C.P. 24000, Campeche, Campeche, M\u00e9xico y Registro Federal de contribuyente CGU131127CM1: le comunica que es el responsable del uso y protecci\u00f3n de sus datos personales recabados en l\u00ednea, y al respecto le informamos lo siguiente:<\/p>\n\n\n\n<h2 class=\"wp-block-heading\">Qu\u00e9 datos personales recogemos y por qu\u00e9 los recogemos<\/h2>\n\n\n\n<p>Para mejorar su experiencia y brindarle una atenci\u00f3n de calidad, utilizaremos su informaci\u00f3n personal para las siguientes finalidades principales, seg\u00fan lo solicite:<\/p>\n\n\n\n<ol class=\"wp-block-list\"><li>Fines de Identificaci\u00f3n.&nbsp;<\/li><li>Para procesar sus compras y dar seguimiento a sus pedidos de productos y\/o servicios adquiridos.&nbsp;<\/li><li>&nbsp;Participaci\u00f3n en bonos \/incentivos\/programas de recompensas originadas de sus compras.&nbsp;<\/li><li>Calificar su experiencia.&nbsp;<\/li><li>&nbsp;Ayudarle a resolver problemas y\/o disputas con distribuidores o proveedores.&nbsp;<\/li><li>&nbsp;Dar seguimiento a sus consultas, quejas y\/o sugerencias.<\/li><li>A fin de dar cumplimiento a las reglas de negocio.&nbsp;<\/li><li>&nbsp;Permitir una comunicaci\u00f3n eficaz y dar mayor agilidad a sus solicitudes, acceso a centros de distribuci\u00f3n y eventos especiales.&nbsp;<\/li><li>Procesar sus compras y dar seguimiento a sus pedidos de productos y\/o servicios adquiridos.&nbsp;<\/li><li>&nbsp;Brindarle cualquier tipo de asesor\u00eda que nos solicite en relaci\u00f3n a nuestros productos y servicios.&nbsp;<\/li><li>&nbsp;En caso de ingresar al plan de ventas y mercado, poder otorgar los respectivos bonos, compensaciones y\/o premios.&nbsp;<\/li><li>&nbsp;De participaci\u00f3n en campa\u00f1as, para las cuales se podr\u00e1n publicar sus fotograf\u00edas y\/o comentarios compartidos (En cada campa\u00f1a se especificar\u00e1n las bases de participaci\u00f3n y privacidad de su informaci\u00f3n).&nbsp;<\/li><li>&nbsp;Dar seguimiento a sus &nbsp;quejas y\/o sugerencias.<\/li><\/ol>\n\n\n\n<p>Les informamos que sus datos podr\u00e1n ser utilizados adicionalmente para las siguientes finalidades:<\/p>\n\n\n\n<ul class=\"wp-block-list\"><li>Fines estad\u00edsticos.<\/li><li>Para prop\u00f3sitos de an\u00e1lisis de mercado.<\/li><li>Fines publicitarios y comerciales, para dar a conocer nuestros productos, servicios, promociones y\/o eventos.<\/li><\/ul>\n\n\n\n<h3 class=\"wp-block-heading\"><strong>Medios<\/strong><\/h3>\n\n\n\n<p><strong>Im\u00e1genes captadas por c\u00e1maras de video vigilancia:<\/strong><\/p>\n\n\n\n<p>Por motivos de seguridad, en nuestras diversas instalaciones y centros de distribuci\u00f3n, contamos con equipo de video vigilancia. Le informamos que las im\u00e1genes obtenidas de las mismas, son monitoreadas solo por personal autorizado; esta informaci\u00f3n permanece en nuestros archivos por un per\u00edodo de 3 meses, posteriormente se procede a su eliminaci\u00f3n.<\/p>\n\n\n\n<p><strong>Datos recabados v\u00eda telef\u00f3nica:<\/strong><\/p>\n\n\n\n<p>Los datos personales recabados a trav\u00e9s de nuestros centros de atenci\u00f3n telef\u00f3nica, se regir\u00e1n bajo los mismos criterios de la presente pol\u00edtica. Las grabaciones de audio son resguardadas con estrictos controles de seguridad. Los datos compartidos por v\u00eda telef\u00f3nica son responsabilidad de quien los comunica.<\/p>\n\n\n\n<p><strong>Redes sociales:<\/strong><\/p>\n\n\n\n<p>Las redes sociales constituyen una herramienta de comunicaci\u00f3n entre plataformas digitales de los distintos usuarios y Gueder, sin embargo, la informaci\u00f3n proporcionada dentro de redes sociales no constituye parte de los datos personales sujetos a la protecci\u00f3n del presente aviso; para conocer dicho tratamiento, favor de verificar la pol\u00edtica de privacidad correspondiente al proveedor del servicio.<\/p>\n\n\n\n<p><strong>\u00bfQU\u00c9 DATOS PERSONALES UTILIZAREMOS PARA ESTOS FINES?<\/strong><\/p>\n\n\n\n<p>Para llevar a cabo las finalidades antes citadas, utilizaremos las siguientes categor\u00edas de datos personales, seg\u00fan sea necesario:<\/p>\n\n\n\n<ul class=\"wp-block-list\"><li>Datos de contacto.<\/li><li>Datos de identificaci\u00f3n personal.<\/li><li>Datos de identificaci\u00f3n fiscal\/tributaria.<\/li><li>Im\u00e1genes captadas por c\u00e1maras de video vigilancia.<\/li><li>Datos bancarios. (Gueder no registra sus contrase\u00f1as bancarias en ninguna base de datos).<\/li><\/ul>\n\n\n\n<p>De ser necesario recabar otros datos de su parte o utilizarlos para otras finalidades distintas a las aqu\u00ed establecidas, nos pondremos en contacto con usted para obtener su consentimiento. El suministro de los datos personales de menores de edad es facultativo y debe realizarse con autorizaci\u00f3n de los padres de familia o representantes legales del menor.<\/p>\n\n\n\n<p>Los datos personales facilitados se almacenar\u00e1n en los bancos de datos que forman parte del sistema de informaci\u00f3n de Gueder y ser\u00e1n tratados para poder llevar a cabo las finalidades expuestas anteriormente seg\u00fan lo solicitado y autorizado por su parte.<\/p>\n\n\n\n<h3 class=\"wp-block-heading\">Formularios de contacto<\/h3>\n\n\n\n<p><strong>\u00bfC\u00d3MO PUEDE ACCEDER, RECTIFICAR O CANCELAR SUS DATOS PERSONALES, U OPONERSE A SU USO?<\/strong><\/p>\n\n\n\n<p>Gueder ha designado como responsable de la custodia, control y gesti\u00f3n de sus datos al Departamento de Protecci\u00f3n de Datos Personales, quien realizar\u00e1 acciones para garantizar y salvaguardar sus derechos, as\u00ed como para velar por el cumplimiento de los principios de protecci\u00f3n de datos personales establecidos por las Leyes aplicables.<\/p>\n\n\n\n<p>Usted tiene derecho a conocer qu\u00e9 datos personales tenemos de usted, para qu\u00e9 los utilizamos y las condiciones del uso que les damos (Acceso). Asimismo, es su derecho solicitar la correcci\u00f3n de su informaci\u00f3n personal en caso de que est\u00e9 desactualizada, sea inexacta o incompleta (Rectificaci\u00f3n); que la eliminemos de nuestros registros o bases de datos cuando considere que la misma no est\u00e1 siendo utilizada adecuadamente (Cancelaci\u00f3n); as\u00ed como oponerse al uso de sus datos personales para fines espec\u00edficos (Oposici\u00f3n).<br>&nbsp;<br>Para el ejercicio de cualquiera de sus derechos favor de seguir las instrucciones detalladas a continuaci\u00f3n:<\/p>\n\n\n\n<p>1. El titular de la informaci\u00f3n deber\u00e1 dar click en el v\u00ednculo titulado \u201cSolicitud de Protecci\u00f3n de Datos\u201d.<\/p>\n\n\n\n<p>2. Favor de imprimir y llenar los campos que all\u00ed se especifican.<\/p>\n\n\n\n<p>3. Una vez hecho este procedimiento, escanear y enviar la solicitud al correo electr\u00f3nico:\u00a0privacidad@gueder.com.mx.<\/p>\n\n\n\n<p>Para poder dar respuesta a su solicitud, el escrito deber\u00e1 ir acompa\u00f1ado por copia de una identificaci\u00f3n oficial del titular de la informaci\u00f3n, o en su caso carta poder del representante legal, as\u00ed como cualquier otro documento relacionado a la petici\u00f3n.&nbsp;Los tiempos de respuesta ser\u00e1n acordes a los estipulados en la Ley.<br>&nbsp;<\/p>\n\n\n\n<p><strong>USTED PUEDE REVOCAR SU CONSENTIMIENTO PARA EL USO DE SUS DATOS PERSONALES Y LIMITAR EL USO O DIVULGACI\u00d3N DE SU INFORMACI\u00d3N PERSONAL<\/strong><\/p>\n\n\n\n<p>Usted puede revocar el consentimiento que, en su caso, nos haya otorgado para el tratamiento de sus datos personales. Sin embargo, es importante que tenga en cuenta que no en todos los casos podremos atender su solicitud o concluir el uso de forma inmediata, ya que es posible que por alguna obligaci\u00f3n legal requiramos seguir tratando sus datos personales. Asimismo, usted deber\u00e1 considerar que para ciertos fines, la revocaci\u00f3n de su consentimiento implicar\u00e1 que no le podamos seguir prestando el servicio que nos solicit\u00f3, o la conclusi\u00f3n de su relaci\u00f3n con nosotros.<\/p>\n\n\n\n<p>Con objeto de que pueda:<\/p>\n\n\n\n<p>Limitar el uso y divulgaci\u00f3n de su informaci\u00f3n personal, le ofrecemos el registro en el listado de exclusi\u00f3n a fin de que sus datos personales no sean tratados para fines mercadot\u00e9cnicos, publicitarios, o de prospecci\u00f3n comercial por nuestra parte o<br>Revocar su consentimiento.<br>Usted deber\u00e1 presentar su \u201cSolicitud de Protecci\u00f3n de Datos\u201d mencionada en el apartado anterior, a trav\u00e9s del siguiente correo electr\u00f3nico:\u00a0privacidad@gueder.com.mx.<\/p>\n\n\n\n<p><br><strong>SEGURIDAD Y CUIDADO DE SUS DATOS PERSONALES<\/strong><\/p>\n\n\n\n<p>En Gueder utilizamos pr\u00e1cticas est\u00e1ndares de seguridad en la industria; as\u00ed como medidas con el fin de evitar la p\u00e9rdida, mal uso, acceso no autorizado, divulgaci\u00f3n o alteraci\u00f3n de la informaci\u00f3n. No guardamos datos personales m\u00e1s de lo necesario para cumplir con el fin por el cual dichos datos fueron recabados, a menos que por razones contractuales, legales o regulatorias, se requiera que la informaci\u00f3n personal sea eliminada por per\u00edodos de tiempo determinados.<\/p>\n\n\n\n<p>No obstante lo anterior, Gueder no ser\u00e1 responsable por ataques inform\u00e1ticos y en general cualquier acci\u00f3n que tenga como objetivo infringir las medidas de seguridad establecidas para la protecci\u00f3n de los datos personales e informaci\u00f3n diferente a estos contenida en sus equipos inform\u00e1ticos o en aquellos contratados con terceros.<\/p>\n\n\n\n<p>En caso de que esto suceda, Gueder se lo informar\u00e1 oportunamente para que usted pueda tomar las medidas cautelares respectivas.<\/p>\n\n\n\n<p><strong>\u00bfC\u00d3MO PUEDE CONOCER LOS CAMBIOS EN NUESTRA POL\u00cdTICA DE PRIVACIDAD?<\/strong><\/p>\n\n\n\n<p>Nuestra pol\u00edtica de privacidad puede sufrir modificaciones, cambios o actualizaciones derivadas de nuevos requerimientos legales; de nuestras propias necesidades por los productos o servicios que ofrecemos; de nuestras pr\u00e1cticas de privacidad; de cambios en nuestro modelo de negocio, o por otras causas.<\/p>\n\n\n\n<p>Nos comprometemos a mantenerlo informado sobre estos cambios, los cuales se publicar\u00e1n a trav\u00e9s del sitio web oficial de Gueder correspondiente a su pa\u00eds, en su apartado denominado \u201cPol\u00edtica de Privacidad\u201d o en caso de ser necesario se lo comunicaremos por cualquiera de los medios de contacto que nos haya proporcionado.<\/p>\n\n\n\n<p>Fecha de actualizaci\u00f3n: 25 de noviembre de 2020<\/p>\n\n\n\n<p><strong>CONT\u00c1CTENOS<\/strong><br>Si usted tiene preguntas o preocupaciones con respecto a su privacidad, por favor p\u00f3ngase en contacto con nosotros, a trav\u00e9s de:\u00a0privacidad@gueder.com.mx\u00a0 o comunic\u00e1ndose a nuestras l\u00edneas de atenci\u00f3n telef\u00f3nica correspondiente a su pa\u00eds, ser\u00e1 un placer atenderlo:\u00a0https:\/\/www.gueder.com.mx\/respaldo-gueder\/<\/p>\n\n\n\n<p>* Los t\u00e9rminos aqu\u00ed utilizados son gen\u00e9ricos, los mismos pueden variar dependiendo el pa\u00eds y la relaci\u00f3n que usted mantenga con alguna de las empresas miembro de Gueder. Para conocer bajo que conceptos se encuentra regulada su relaci\u00f3n, favor de consultarlo en nuestros centros de atenci\u00f3n telef\u00f3nica. La presente pol\u00edtica de privacidad no establece los t\u00e9rminos utilizados en nuestro esquema de negocio.<\/p>\n\n\n\n<p>El responsable de la protecci\u00f3n y tratamiento de sus datos personales capturados en internet y v\u00eda telef\u00f3nica, es Comercializadora Gueder S.A. de C.V., sociedad localizada en el pa\u00eds de M\u00e9xico. En caso de que usted proporcione informaci\u00f3n de manera presencial en alguno de nuestros centros de atenci\u00f3n\/establecimientos\/instalaciones, el responsable de la protecci\u00f3n de sus datos personales podr\u00eda variar dependiendo el pa\u00eds donde usted se localice y la relaci\u00f3n que mantenga con alguna de las empresas miembro de Gueder, ello se le informar\u00e1 oportunamente en el lugar donde se recaben sus datos; sin embargo las pol\u00edticas de privacidad en los distintos pa\u00edses donde tenemos presencia se rigen bajo los mismos principios, medidas de seguridad y confidencialidad que se establecen en la presente pol\u00edtica de privacidad, por lo que puede tener la tranquilidad de que su informaci\u00f3n estar\u00e1 debidamente resguardada.<\/p>\n\n\n\n<p>Descargar la \u201cSolicitud de Protecci\u00f3n de Datos\u201d&nbsp;<a href=\"https:\/\/portal.omnilife.com\/uploads\/documents\/policies\/mex\/es\/Solicitud_de_Proteccion_de_Derechos_General_ESP.pdf\" target=\"_blank\" rel=\"noreferrer noopener\"><strong>Aqu\u00ed<\/strong><\/a>.<\/p>\n\n\n\n<h3 class=\"wp-block-heading\">Cookies<\/h3>\n\n\n\n<p>Esta&nbsp;Pol\u00edtica de&nbsp;cookies est\u00e1 dise\u00f1ada para informarle sobre nuestras pr\u00e1cticas con respecto a la recopilaci\u00f3n de informaci\u00f3n a trav\u00e9s de cookies y otras tecnolog\u00edas de seguimiento en nuestro sitio web.&nbsp;<\/p>\n\n\n\n<p><strong>\u00bfQU\u00c9 ES UNA COOKIE?&nbsp;&nbsp;&nbsp;&nbsp;<\/strong>&nbsp;&nbsp;<\/p>\n\n\n\n<p>Es un archivo de datos que se almacena en el disco duro del equipo de c\u00f3mputo o del dispositivo de comunicaciones electr\u00f3nicas de un usuario al navegar en un sitio de internet espec\u00edfico, el cual permite intercambiar informaci\u00f3n de estado entre dicho sitio y el navegador del usuario. La informaci\u00f3n de estado puede revelar medios de identificaci\u00f3n de sesi\u00f3n, autenticaci\u00f3n o preferencias del usuario, as\u00ed como cualquier dato almacenado por el navegador respecto al sitio de internet;<\/p>\n\n\n\n<p><strong>\u00bfPARA QU\u00c9 SE UTILIZAN LAS COOKIES EN ESTE SITIO WEB?<\/strong><\/p>\n\n\n\n<p>Las Cookies son una parte esencial de c\u00f3mo funciona nuestro sitio web. El objetivo principal de nuestras Cookies es mejorar su experiencia en la navegaci\u00f3n. Por ejemplo, son utilizadas para recordar sus preferencias (idioma, pa\u00eds, etc.) durante la navegaci\u00f3n y en futuras visitas. La informaci\u00f3n recogida en las Cookies nos permite, adem\u00e1s, mejorar la web mediante estimaciones sobre n\u00fameros y patrones de uso.<\/p>\n\n\n\n<p>Los datos personales que recabamos a trav\u00e9s de estas tecnolog\u00edas, los utilizaremos para los siguientes fines:<\/p>\n\n\n\n<ul class=\"wp-block-list\"><li>An\u00e1lisis y estad\u00edstica.<\/li><li>Para proveer servicios y productos de acuerdo a sus intereses.<\/li><li>Fines publicitarios.<\/li><\/ul>\n\n\n\n<p>Los datos personales que obtenemos de estas tecnolog\u00edas de rastreo son los siguientes:<\/p>\n\n\n\n<ul class=\"wp-block-list\"><li>Identificadores, nombre de usuario y contrase\u00f1as de una sesi\u00f3n.<\/li><li>Idioma preferido por el usuario.<\/li><li>Regi\u00f3n en la que se encuentra el usuario.<\/li><li>Listas y h\u00e1bitos de consumo en p\u00e1ginas de compras.<\/li><\/ul>\n\n\n\n<p><strong>\u00bfPARA QU\u00c9 NO SE UTILIZAN LAS COOKIES EN ESTA WEB?<\/strong><\/p>\n\n\n\n<p>&nbsp;Nosotros no almacenamos informaci\u00f3n sensible de identificaci\u00f3n personal como su contrase\u00f1a, los datos de su tarjeta de cr\u00e9dito o d\u00e9bito, entre otros, en las Cookies que utilizamos.<\/p>\n\n\n\n<h3 class=\"wp-block-heading\"><strong>ENLACES A OTROS SITIOS WEB<\/strong><\/h3>\n\n\n\n<p>Este sitio puede contener enlaces o referencias a otros sitios web. Tenga en cuenta que no controlamos las cookies \/ tecnolog\u00edas de seguimiento de otros sitios web y esta Pol\u00edtica de cookies no se aplica a esos sitios web.<\/p>\n\n\n\n<h2 class=\"wp-block-heading\">Con qui\u00e9n compartimos tus datos<\/h2>\n\n\n\n<p>Le informamos que sus datos personales pueden ser compartidos con empresas y asociaciones, controladoras, subsidiarias, filiales y\/o afiliadas de Gueder, esto para dar cumplimiento a los fines antes mencionados. Adem\u00e1s de lo anterior, Gueder podr\u00e1 compartir algunos o todos sus datos personales con autoridades competentes en los casos legalmente previstos.<\/p>\n\n\n\n<p>Al momento de ingresar sus datos en alguno de los distintos formularios en l\u00ednea, usted autoriza que los mismos sean transferidos al pa\u00eds de M\u00e9xico, centro de nuestras operaciones de negocio, donde de ser necesario, se redirigir\u00e1n a su pa\u00eds de origen para cumplir con las finalidades se\u00f1aladas. En todo momento, la informaci\u00f3n ser\u00e1 tratada y protegida bajo estrictos procesos de seguridad y privacidad, con alta calidad y confidencialidad; con pleno apego a lo dispuesto por la legislaci\u00f3n nacional y est\u00e1ndares internacionales. Si quieres conocer m\u00e1s sobre las medidas de seguridad que en su pa\u00eds de origen utilizamos, por favor envi\u00e9 un correo a\u00a0privacidad@gueder.com.mx.<\/p>\n\n\n\n<p>Le informamos que por nuestro esquema de negocio, cuando usted realice compra de productos, podremos compartir y\/o permitir el acceso a informaci\u00f3n que usted nos haya proporcionado al distribuidor titular del c\u00f3digo de referencia que usted haya ingresado al momento de realizar su compra, lo que permitir\u00e1 a nuestros distribuidores dar seguimiento a sus pedidos y ofrecerle productos y\/o servicios que pueden serle de inter\u00e9s (hacemos de su conocimiento que los distribuidores se encuentran bajo obligaci\u00f3n contractual para mantener la confidencialidad de su informaci\u00f3n). En el momento que recabamos su informaci\u00f3n personal, usted tendr\u00e1 la opci\u00f3n de aceptar o rechazar la transferencia de su informaci\u00f3n para dichos prop\u00f3sitos de mercadeo.<\/p>\n\n\n\n<p>Gueder toma medidas razonables para asegurarse que la informaci\u00f3n sea manejada de manera confidencial y para los prop\u00f3sitos para los cuales fue compartida, sin embargo, le informamos que cada distribuidor act\u00faa individualmente como responsable de la informaci\u00f3n que ha recibido.<\/p>\n\n\n\n<p>En caso de estar inscrito como distribuidor, le informamos que la informaci\u00f3n relativa a sus estad\u00edsticas de compra y venta son compartidas con su presentador, lo cual fue establecido en el respectivo contrato; lo anterior para brindar los medios necesarios en el desarrollo del esquema de negocio de cada distribuidor. Dicha informaci\u00f3n se considera confidencial y cada distribuidor se obliga a cumplir con lo dispuesto en las leyes aplicables.<\/p>\n\n\n\n<p>Podr\u00edamos emplear intermediarios para desempe\u00f1ar funciones de parte nuestra. Ejemplos de dichas funciones incluyen env\u00edo de pedidos, procesamiento de pagos por tarjetas de cr\u00e9dito\/d\u00e9bito, servicio al cliente y an\u00e1lisis de mercado. Estos intermediarios se encuentran bajo obligaci\u00f3n de contrato para usar los datos confidenciales que reciban de Gueder \u00fanicamente para los prop\u00f3sitos que quepan dentro de las funciones para las cu\u00e1les sean contratados.<\/p>\n\n\n\n<h2 class=\"wp-block-heading\">Cu\u00e1nto tiempo conservamos tus datos<\/h2>\n\n\n\n<p>Si dejas un comentario, el comentario y sus metadatos se conservan indefinidamente. Esto es para que podamos reconocer y aprobar comentarios sucesivos autom\u00e1ticamente, en lugar de mantenerlos en una cola de moderaci\u00f3n.<\/p>\n\n\n\n<p>De los usuarios que se registran en nuestra web (si los hay), tambi\u00e9n almacenamos la informaci\u00f3n personal que proporcionan en su perfil de usuario. Todos los usuarios pueden ver, editar o eliminar su informaci\u00f3n personal en cualquier momento (excepto que no pueden cambiar su nombre de usuario). Los administradores de la web tambi\u00e9n pueden ver y editar esa informaci\u00f3n.<\/p>\n","protected":false},"excerpt":{"rendered":"<p>Qui\u00e9nes somos En\u00a0Gueder\u00a0entendemos lo importante de su privacidad. Siendo consecuentes con esta consideraci\u00f3n tenemos el compromiso de respetar y proteger la confidencialidad de su informaci\u00f3n privada y datos personales. Gueder regula el tratamiento de sus datos mediante un equipo internacional, en representaci\u00f3n de todas las regiones geogr\u00e1ficas en las que tenemos tratos comerciales y procesos [&hellip;]<\/p>\n","protected":false},"author":1,"featured_media":0,"parent":0,"menu_order":0,"comment_status":"closed","ping_status":"closed","template":"","meta":{"footnotes":""},"class_list":["post-49","page","type-page","status-publish","hentry"],"_links":{"self":[{"href":"https:\/\/gueder.com.mx\/index.php\/wp-json\/wp\/v2\/pages\/49"}],"collection":[{"href":"https:\/\/gueder.com.mx\/index.php\/wp-json\/wp\/v2\/pages"}],"about":[{"href":"https:\/\/gueder.com.mx\/index.php\/wp-json\/wp\/v2\/types\/page"}],"author":[{"embeddable":true,"href":"https:\/\/gueder.com.mx\/index.php\/wp-json\/wp\/v2\/users\/1"}],"replies":[{"embeddable":true,"href":"https:\/\/gueder.com.mx\/index.php\/wp-json\/wp\/v2\/comments?post=49"}],"version-history":[{"count":1,"href":"https:\/\/gueder.com.mx\/index.php\/wp-json\/wp\/v2\/pages\/49\/revisions"}],"predecessor-version":[{"id":50,"href":"https:\/\/gueder.com.mx\/index.php\/wp-json\/wp\/v2\/pages\/49\/revisions\/50"}],"wp:attachment":[{"href":"https:\/\/gueder.com.mx\/index.php\/wp-json\/wp\/v2\/media?parent=49"}],"curies":[{"name":"wp","href":"https:\/\/api.w.org\/{rel}","templated":true}]}}